b(k) = -2*k**3 - 253*k**2 + 399*k + 1910. Give b(-128).
-10
Let s(b) = -763*b + 12199. Give s(16).
-9
Let x(p) = 183*p - 374. Give x(2).
-8
Let h(u) = u**3 + 6*u**2 - 27*u - 30. What is h(-11)?
-338
Let i(a) = -a + 65. Give i(-28).
93
Let n(k) = 3307*k - 19836. Give n(6).
6
Let f(g) = g**3 + 28*g**2 - 71*g - 2004. What is f(-28)?
-16
Let y(j) = -j**3 - 6*j**2 + 208*j + 106. Determine y(12).
10
Let y(v) = v**2 + 2*v - 459. Determine y(21).
24
Let v(a) = 2*a**3 - 14*a**2 + 43*a - 59. What is v(3)?
-2
Let x(w) = -w + 46. What is x(3)?
43
Let j(i) = -45*i - 35. What is j(-1)?
10
Let g(n) = -18292*n + 128050. Determine g(7).
6
Let j(h) = 1360*h + 5442. What is j(-4)?
2
Let u(i) = i**3 + 35*i**2 - 41*i - 89. Calculate u(-36).
91
Let v(n) = -7*n**2 + 176*n + 26. Give v(25).
51
Let u(v) = -19*v**2 - 2903*v + 613. Calculate u(-153).
1
Let b(g) = -g**2 - 104*g + 369. Calculate b(-107).
48
Let g(b) = 472*b - 4738. Give g(10).
-18
Let i(l) = 2*l**2 - 18*l + 51. Calculate i(11).
95
Let r(k) = -145*k**2 + 4639*k + 8. Calculate r(32).
-24
Let x(f) = -3*f**2 + 23*f - 16. Determine x(1).
4
Let m(n) = -325*n - 98. Determine m(1).
-423
Let m(o) = 7*o**2 - 48*o + 42. Give m(6).
6
Let t(u) = 6*u**2 + 116*u + 20. Determine t(-19).
-18
Let q(k) = 1875*k - 9383. Determine q(5).
-8
Let i(q) = 2*q**3 + 57*q**2 + 7*q - 595. What is i(-28)?
-7
Let x(n) = 42*n - 4171. Determine x(98).
-55
Let b(p) = p**3 + 13*p**2 + 42*p + 2. Give b(-6).
2
Let z(a) = 191*a + 1463. Determine z(-12).
-829
Let w(s) = -3*s + 48. Determine w(18).
-6
Let w(n) = -4*n**2 + 4*n - 32. Give w(5).
-112
Let a(n) = n**3 - 16*n**2 - 70*n - 207. What is a(20)?
-7
Let h(w) = -28*w**2 + 83*w + 272. What is h(5)?
-13
Let a(o) = -4*o**3 - 81*o**2 - 414*o - 76. Calculate a(-11).
1
Let x(q) = 10*q + 10. Determine x(9).
100
Let k(t) = -2*t**3 + 176*t**2 + 359*t + 92. Give k(90).
2
Let a(v) = -v**3 - 12*v**2 - 26*v - 5. Calculate a(-10).
55
Let z(j) = -6*j**2 - j + 22. Give z(2).
-4
Let t(v) = 51*v**2 - 4894*v - 190. What is t(96)?
2
Let k(m) = m**3 + 35*m**2 + 29*m - 117. Determine k(-34).
53
Let a(k) = 19*k**2 - 183*k + 4. Give a(11).
290
Let q(u) = -u**3 + 11*u**2 + u + 17. Determine q(8).
217
Let b(t) = 27*t**2 - 9*t + 1. Determine b(0).
1
Let g(q) = 53*q + 627. Calculate g(-12).
-9
Let h(n) = 40*n - 1457. Calculate h(37).
23
Let r(u) = 17*u + 83. Give r(-4).
15
Let w(m) = -m**3 + m**2 + 11*m - 6. Determine w(-4).
30
Let c(n) = -8*n**2 + 133*n - 395. What is c(13)?
-18
Let p(i) = 621*i + 9314. Give p(-15).
-1
Let t(w) = -332*w + 3313. Calculate t(10).
-7
Let q(k) = -68*k**2 - 366*k + 79. What is q(-6)?
-173
Let p(x) = 782*x + 32858. Calculate p(-42).
14
Let p(y) = 24*y**2 - 4*y - 2. Give p(3).
202
Let r(j) = -13*j + 719. Determine r(62).
-87
Let s(w) = -333*w + 2850. What is s(10)?
-480
Let k(s) = 4*s**2 + 60*s + 101. What is k(-13)?
-3
Let x(k) = -2*k**3 + 2*k**2 + 4*k - 32. Determine x(4).
-112
Let a(k) = -48*k**2 + 1153*k + 38. Calculate a(24).
62
Let l(r) = -r**2 + 4*r + 45. What is l(9)?
0
Let f(l) = 20*l - 710. Determine f(36).
10
Let p(f) = -6*f**2 - 126*f + 14. Calculate p(-23).
-262
Let s(p) = -31*p + 3463. Calculate s(107).
146
Let q(o) = -2*o**2 - 161*o + 318. Give q(-82).
72
Let u(f) = 10*f - 525. Determine u(-20).
-725
Let d(h) = -18*h - 2054. Calculate d(-115).
16
Let z(i) = i**3 - 36*i**2 + 217*i + 31. Give z(6).
253
Let o(t) = -107*t + 577. Give o(4).
149
Let u(a) = a**2 + 24*a - 125. What is u(4)?
-13
Let d(y) = 22*y**2 + 169*y + 101. Calculate d(-7).
-4
Let z(n) = 2*n**2 - 146*n - 2638. Determine z(88).
2
Let g(t) = 6221*t + 18620. Give g(-3).
-43
Let h(p) = -p**2 + 8*p + 57. Calculate h(-5).
-8
Let t(h) = h**2 - 120*h + 3103. Calculate t(82).
-13
Let r(l) = 50*l + 556. Determine r(-11).
6
Let l(v) = -27*v**2 + 599*v - 105. Determine l(22).
5
Let d(w) = 3*w**2 - 209*w + 1324. What is d(7)?
8
Let t(r) = -2*r**2 - 193*r + 2350. Determine t(11).
-15
Let t(v) = v**3 + 9*v**2 + 32*v + 57. What is t(-5)?
-3
Let s(v) = -3*v**3 - 33*v**2 - 26*v + 43. Determine s(-10).
3
Let d(o) = 2*o**2 - 96*o - 2068. Calculate d(-16).
-20
Let m(h) = -107*h**2 + 1115*h - 455. What is m(10)?
-5
Let l(f) = -8*f - 73. Give l(-7).
-17
Let f(m) = -m**3 - 12*m**2 + 37*m + 113. Calculate f(-14).
-13
Let u(a) = -13*a**3 + 6*a**2 - 2*a - 12. Calculate u(2).
-96
Let z(v) = -v**3 - 86*v**2 - 247*v + 172. Calculate z(-83).
6
Let n(o) = 3*o**3 + 2*o**2 + 2*o + 37. Give n(-4).
-131
Let d(k) = 186*k + 78. Give d(2).
450
Let t(c) = c**3 - 84*c**2 + 1761*c - 48. Determine t(44).
-4
Let d(g) = 683*g + 2733. What is d(-4)?
1
Let p(l) = -17*l**2 - 32*l + 99. Give p(4).
-301
Let t(h) = 214*h**2 + 34*h - 35. What is t(1)?
213
Let d(p) = 10*p**2 + 18*p - 48. What is d(4)?
184
Let d(w) = 102*w + 1141. Calculate d(-5).
631
Let p(o) = -2*o**3 + 247*o**2 - 610*o + 588. Give p(121).
-17
Let z(d) = d**2 + 226*d + 9631. What is z(-169)?
-2
Let k(r) = -344*r - 4764. Give k(-14).
52
Let w(h) = -25*h + 32. Determine w(-4).
132
Let x(u) = -8*u**2 + 129*u - 501. Determine x(9).
12
Let z(k) = -2*k**2 - 15*k + 491. What is z(12)?
23
Let t(p) = 110*p + 1339. What is t(-12)?
19
Let t(u) = 2*u**3 - 51*u**2 - 13*u - 416. Calculate t(26).
-78
Let s(r) = 1817*r - 14482. Determine s(8).
54
Let s(c) = c**2 - 32*c + 183. Calculate s(22).
-37
Let g(u) = 4*u**2 - 47*u + 147. Determine g(9).
48
Let o(f) = -2*f**2 + 40*f - 110. Determine o(3).
-8
Let v(w) = -24*w + 423. Determine v(19).
-33
Let r(p) = -p**2 - 7*p + 55. What is r(-9)?
37
Let q(l) = -76*l + 224. What is q(4)?
-80
Let p(j) = 94*j**2 + 592*j + 162. Calculate p(-6).
-6
Let q(m) = -2*m + 403. Determine q(48).
307
Let i(u) = -4*u**3 - 26*u**2 + 6*u - 51. Determine i(-7).
5
Let g(r) = -r**2 - 24*r + 26. Calculate g(1).
1
Let n(g) = g**3 - 53*g**2 + 12*g - 319. What is n(53)?
317
Let b(g) = -g**2 - 44*g - 21. Determine b(-33).
342
Let d(c) = c**2 + 11*c - 697. What is d(21)?
-25
Let y(w) = 95*w - 436. What is y(4)?
-56
Let r(k) = -138*k + 4010. Calculate r(29).
8
Let z(a) = -4*a + 154. Calculate z(48).
-38
Let g(y) = y**3 + 17*y**2 - 7*y + 190. Give g(-18).
-8
Let b(g) = g**3 - 76*g**2 + 818*g + 15. What is b(13)?
2
Let k(b) = b**3 + 46*b**2 - 569*b + 89. What is k(10)?
-1
Let o(h) = 2*h**2 - 79*h + 346. What is o(5)?
1
Let x(z) = z**2 - 60*z - 1512. Determine x(79).
-11
Let r(h) = -h**2 + 53*h + 454. Give r(61).
-34
Let t(s) = -15*s**3 - 190*s**2 + 63*s + 17. Determine t(-13).
43
Let g(o) = 54*o + 1316. Determine g(-23).
74
Let i(n) = -2*n**3 - 14*n**2 + 15*n - 5. Calculate i(-8).
3
Let j(b) = -2*b**3 + b**2 + 204*b - 404. What is j(2)?
-8
Let g(x) = 27*x**2 - 320*x - 16. What is g(12)?
32
Let q(b) = -42*b + 65. Give q(5).
-145
Let p(c) = -c**3 - 16*c**2 - 22*c - 104. What is p(-15)?
1
Let x(r) = -r**3 + 8*r**2 + 52*r - 28. What is x(12)?
20
Let w(z) = -153*z - 1331. Determine w(-9).
46
Let w(k) = 8*k + 56. Give w(-11).
-32
Let k(y) = 2*y**3 - 11*y**2 + 9*y + 34. Give k(4).
22
Let p(b) = b**2 - 13*b - 184. Give p(35).
586
Let n(v) = 630*v - 2591. What is n(4)?
-71
Let i(t) = -136*t + 2709. What is i(20)?
-11
Let z(h) = 2*h**2 - 34*h - 874. Give z(33).
182
Let v(s) = -3*s**2 - 3*s - 115. Determine v(0).
-115
Let r(k) = -k**3 + 14*k**2 - 26*k + 73. Determine r(6).
205
Let h(t) = -t**3 + 12*t**2 - 18*t - 40. Determine h(10).
-20
Let t(p) = -p**2 + 12*p + 746. Give t(-22).
-2
Let h(b) = -b**3 - b**2 + 22*b - 42. What is h(3)?
-12
Let p(a) = -3*a**2 + 74*a - 67. Determine p(24).
-19
Let b(l) = -l**2 + 38*l - 230. Give b(7).
-13
Let n(r) = 7*r**2 - 994*r - 993. Give n(-1).
8
Let i(p) = 173*p - 47742. Calculate i(276).
6
Let w(s) = 80*s - 2160. Give w(27).
0
Let f(j) = 89*j - 275. What is f(3)?
-8
Let i(z) = 17*z**3 - 27*z**2 - 2*z - 24. Calculate i(3).
186
Let j(c) = c**3 + 124*c**2 - 638*c + 910. What is j(-129)?
7
Let s(j) = -j**2 + 67*j + 1276. Give s(83).
-52
Let t(s) = s**2 + 124*s + 3355. What is t(-84)?
-5
Let b(h) = 224*h - 2284. Give b(10).
-44
Let y(q) = -q**3 - 88*q**2 - 336*q - 4. Calculate y(-84).
-4
Let h(w) = -15*w**2 + 460*w + 1856. Determine h(-4).
-224
Let x(l) = l**2 + 281*l - 4433. Give x(15).
7
Let q(f) = -f**3 - 3*f**2 + 246*f + 117. Give q(-17).
-19
Let l(c) = 31*c**2 - 1120*c - 45. Give l(36).
-189
Let z(q) = 18*q**2 - 122*q + 3. What is z(8)?
179
Let m(b) = -42*b**2 + 692*b + 2954